ors of x.
2, 3, 11, 17
Let d be ((-28)/70)/(1/(-1680)). Suppose -2*w = w + 12, 2*s = 3*w + d. List the prime factors of s.
2, 3, 5, 11
Suppose 0 = u + 4*i, -i - 3 = 2. What are the prime factors of (u/6 - 4)/(2/(-219))?
73
Let x = 56 - 49. Suppose -x*p = -5*p - 10. Suppose -1 = -4*d + p*j + 35, 72 = 4*d + 4*j. List the prime factors of d.
2, 7
Suppose -5*t - 3*b + 8*b + 10 = 0, -2*b + 8 = t. Suppose -5*i + 1940 = -5*x, 0*i - t*x - 770 = -2*i. What are the prime factors of i?
17, 23
Suppose 17*c - 10*c - 105 = 0. Let s(k) = k - 11. Let m be s(c). Suppose -l + 175 = -5*a, -5*a = -m*l - 275 + 945. List the prime factors of l.
3, 5, 11
Suppose -6*t - 4*t - 850 = 0. Let r(m) = -2*m**2 - 24*m - 10. Let y be r(-10). Let k = y - t. What are the prime factors of k?
5, 23
Let r be (-1)/21 - (-1319296)/(-3696). Let k = -467 - 113. Let p = r - k. List the prime factors of p.
223
Let s be ((-1432)/(-5))/((-15)/(-75)). Let k = s - -7. What are the prime factors of k?
1439
Suppose -5*o = -2*v + 6491, -5*v + 9891 + 6326 = -2*o. Let g = v + -1743. List the prime factors of g.
2, 3, 5
Let l(z) = 12*z**2 + 8*z + 164. What are the prime factors of l(16)?
2, 29
List the prime factors of (-2*110476/8)/(2 - 3).
71, 389
Suppose k = -2*m + 7015 + 8784, 5*k - 4*m - 78897 = 0. List the prime factors of k.
5, 7, 11, 41
Let s = -53 - -80. Suppose o = -3*o + g + 208, -3*g = -3*o + 156. Suppose q = -q + 5*j + o, q - s = 2*j. List the prime factors of q.
31
Let a(k) = 27*k**2 + 288*k - 110. List the prime factors of a(-22).
2, 7, 11, 43
Let y = -9025 - -15220. List the prime factors of y.
3, 5, 7, 59
Let r = -19 - -8. Let k(j) = j**3 + 11*j**2 + 3*j - 8. Let i be k(r). Let x = i - -69. List the prime factors of x.
2, 7
Let i = 82 + -78. Let z(s) = -s**3 + 4*s**2 - s + 1. Let x be z(i). Let v(r) = -r**3 - 3*r**2 - 3*r - 2. What are the prime factors of v(x)?
7
Let g be (24/(-18))/(-5*(-8)/15660). Let c = -308 - g. Let r = -108 + c. List the prime factors of r.
2, 53
Suppose -2 + 4 = -q - 2*r, 0 = -5*r + 5. What are the prime factors of (-5549)/q - (-42)/56?
2, 347
Let p(k) = -1985*k + 807. List the prime factors of p(-8).
11, 37, 41
Suppose -3*g - 19 = -5*i + 5, -3*g + 6 = 0. Let c(z) = 6*z + 1 - 4 + i + 6. What are the prime factors of c(5)?
3, 13
Let f(v) be the first derivative of -v**3/3 - v + 15. Let d be f(8). Let h = 124 + d. What are the prime factors of h?
59
Let i(r) be the second derivative of -r**5/20 + 7*r**4/12 + 10*r**3/3 + 3*r**2/2 - 21*r. Let v be i(9). Let k = v + 1. What are the prime factors of k?
2, 11
What are the prime factors of (7 - -2)/(-3) - (-3941 + (0 - 1))?
3, 13, 101
Let l(u) = 8 - 7*u + u - 2*u - 5*u. Let c(q) = q**2 + 40*q - 24. Let b(t) = 3*c(t) + 8*l(t). List the prime factors of b(6).
2, 7
Suppose 4*h + 20784 - 8172 = 2*d, 0 = h - 4. Suppose -980 = 7*k - d. List the prime factors of k.
2, 3, 127
Suppose 77*l = 767279 + 1000487. List the prime factors of l.
2, 13, 883
Let x be (159248/18)/4 - (-6)/27. Suppose -w + x = 3*w. What are the prime factors of w?
7, 79
Let w = -15586 + 44649. What are the prime factors of w?
29063
Let w = -505 - -505. Suppose -9*v - 788 + 4685 = w. List the prime factors of v.
433
Suppose 0 = 13*n - 22*n + 46935. What are the prime factors of n?
5, 7, 149
Let z(d) = -813*d**3 - 10*d**2 - 46*d - 43. List the prime factors of z(-3).
2, 11, 499
Suppose -12*p + 66*p - 1705348 = -40*p. List the prime factors of p.
2, 47, 193
Let o(w) = -2*w**3 + 7*w**2 + 35*w - 5. Let b be o(-7). Let h = b + -266. Suppose -h = -10*j + 7*j + 3*g, 0 = 2*j - 3*g - 339. What are the prime factors of j?
2, 3, 29
Suppose 3*q - 1 = 2*l - 0*l, -2*q = -l - 2. Let c be (2 - q)*363/(1 + -4). Suppose c = 5*n + 3*s, -n = -4*s + 6 - 21. What are the prime factors of n?
23
Let x = 238 - 238. Suppose 9*s - 888 + 51 = x. What are the prime factors of s?
3, 31
Let u(t) = -8*t + 14. Suppose -5*w - 11 - 14 = 0. Let b be w - (-2 - -1 - 1). List the prime factors of u(b).
2, 19
List the prime factors of (-24*(-993)/(-120)*-2)/(4/230).
3, 23, 331
Let q = 33 - 30. Let j be q/(-4 - 13948/(-3484)). Suppose 697 = 8*v - j. What are the prime factors of v?
2, 7
Suppose 6*v - 870 = v + 5*q, -4*q + 494 = 3*v. What are the prime factors of 234960/v - 4/34?
2, 691
What are the prime factors of -6 - 8/2*1077695/(-134)?
2, 11, 17, 43
Suppose -5*a - 6 = -x, -25 = -2*x + 4*a - 7*a. Suppose -2*r + 3*o - x = -4*r, 2*o = -r + 7. List the prime factors of (-83)/((-5 + 4)/r).
83
Let b be (-702)/16 - (-17)/(-136). What are the prime factors of (-38382)/(-36) + b/(-24) + -2?
2, 13, 41
Let b(o) = -1140*o - 842. List the prime factors of b(-7).
2, 43, 83
Let n(b) = -b**3 - 2*b**2 + 2*b + 1276. Let r(g) = g**3 + 3*g**2 - 3*g - 10. Let y be r(-2). What are the prime factors of n(y)?
2, 11, 29
Suppose 2*r - 3*r = -2*r. Let v(t) = -9*t - 84. Let y be v(r). List the prime factors of (y/16)/((-21)/1036).
7, 37
Let x be 57/19*(-2 - -341). Suppose -c = -4*w - x, -3*c = -36*w + 32*w - 3027. List the prime factors of c.
3, 5, 67
Suppose -83*y = -82*y - 179*y + 2854586. What are the prime factors of y?
7, 29, 79
Let h = -215 - -226. Suppose 10*q - h*q + 607 = 0. List the prime factors of q.
607
Suppose 269721 = 11*v + 89431. What are the prime factors of v?
2, 5, 11, 149
Suppose 4*q + i - 67654 = 0, 3*q - 50733 = -8*i + 6*i. List the prime factors of q.
5, 17, 199
Let j = 476 + -466. List the prime factors of 1*(16445/j - 20/8).
2, 821
Suppose 26 = 2*m + 18. Suppose -2*j = -2*s - 204, j - 51 - 51 = m*s. What are the prime factors of j?
2, 3, 17
Let m(w) = -2*w + w - 5*w + 10 - 4*w. Let g(s) = s**2 - 1. Let i(z) = 4*g(z) + m(z). List the prime factors of i(5).
2, 7
Let s = 16653 + -8945. List the prime factors of s.
2, 41, 47
Let f = 294 - 297. List the prime factors of 4632/(-44)*f - 6/(-33).
2, 79
Suppose -27023 - 10046 = -19*g. List the prime factors of g.
1951
Suppose 68444 = 16*y - 9*y - 3*h, -3*h + 19540 = 2*y. What are the prime factors of y?
2, 13, 47
Let h(t) = 10*t**3 - 2*t**2 - 6*t + 5. Let p be h(5). Suppose 5*z - p = -13*l + 8*l, 0 = z - l - 233. List the prime factors of z.
2, 3, 13
Let n be (-53 - 1)*(-268)/12. Suppose -3*t + n = t + i, -t = -3*i - 295. Suppose 2*w = 2*j - 148, -5*w - t = -4*j - 10. List the prime factors of j.
79
Suppose -544 = -3*s - 5*g, 5*s - 217 - 623 = 5*g. Let w = s + -122. What are the prime factors of w?
3, 17
Suppose -1493 = -5*g + 2*g + 6799. List the prime factors of g.
2, 691
Let l be 18417/57 + (-4)/38. Let c = 493 - l. What are the prime factors of c?
2, 5, 17
Let v = -14181 + 18332. List the prime factors of v.
7, 593
Let w(p) = p**2 + 4*p + 20. Suppose -2*s - 133 = 3*n, 2*s + 4*n + 64 = -72. Let k = s + 55. List the prime factors of w(k).
41
Let a = -10 + 15. Suppose -z - 120 = -3*c, -2*z + 340 = -a*z + 5*c. Let l = 1 - z. What are the prime factors of l?
2, 53
Suppose -4*i + 21 = -4*x + i, -3*i + 17 = 2*x. Let f = x + -15. Let q = f + 181. List the prime factors of q.
167
Let a(x) = 6*x**2 + 53*x + 441. What are the prime factors of a(49)?
2, 7, 89
Suppose 0 = 2*x + 2, 0*a - 5*x = a - 1405. Suppose 4*m = -11*m + a. What are the prime factors of m?
2, 47
Suppose 2883 = 4*u - 3*o - 817, 0 = -5*u - 2*o + 4648. Suppose -26*h - u + 18088 = 0. List the prime factors of h.
2, 3, 5, 11
List the prime factors of (-9)/(-12)*((-378903)/(-21) - -1).
3, 13, 347
Let p(q) = 4115*q**2 - 3*q - 5. What are the prime factors of p(-1)?
3, 457
Let y(v) = -v**3 + 3*v**2 + 2*v - 5. Let p be y(3). Let c be (-5)/((-20)/(-1016))*p/2. What are the prime factors of 0/1 - (c - -18)?
109
Let l be 2 + -2 + 1 - (6 - 163). Let o = l - 59. What are the prime factors of o?
3, 11
Let g(p) = 2*p**2 - 2*p + 6. Let v be g(-6). Let m = v + -85. Suppose -m*o + 185 = 2*j, 0 = 3*j + 2*o - 3*o - 320. List the prime factors of j.
3, 5, 7
Suppose 0 = -8*z + 4*z + 2036. Suppose -z*k + 16280 = -498*k. List the prime factors of k.
2, 5, 37
Suppose 4*c - 2*o = 3421 + 20385, -3*c = 4*o - 17860. Suppose -42*q = -34*q - c. List the prime factors of q.
2, 3, 31
Suppose 9*l - 297 = 6*l. Suppose 2*u + l = 879. List the prime factors of u.
2, 3, 5, 13
Suppose b + 17*b = 97452. List the prime factors of b.
2, 2707
Let z(m) = 59*m + 106. Let u = -681 - -715. What are the prime factors of z(u)?
2, 3